nder when b is divided by 16.
12
Let l(m) = m**2 + 5*m - 24. Let h be l(-6). Let j(r) = -4*r - 44. What is the remainder when 165 is divided by j(h)?
25
Let l = -158 + 160. What is the remainder when 4 is divided by l?
0
Suppose 2*b + 9 = w - 54, -w = 3*b - 78. What is the remainder when w is divided by 39?
30
What is the remainder when -10 + (123 - (-12)/(-6)) is divided by 70?
41
Suppose 0 = -53*j - 15*j + 50048. Calculate the remainder when j is divided by 82.
80
Let c = -206 - -311. What is the remainder when c is divided by 24?
9
Let m = -25 - -30. Suppose m*y - 150 = -y. What is the remainder when 85 is divided by y?
10
Let g = 522 + -484. What is the remainder when 46 is divided by g?
8
Let j(m) = -3*m**3 - 3*m**2 - 3*m - 5. Let k(l) = -l**3 - 4*l**2 + 15*l + 42. What is the remainder when k(-6) is divided by j(-2)?
11
Suppose -k + 2 = -1, -3*k = -3*o + 3. Suppose -5*v + 471 = 4*c + 71, o*v - 100 = -c. Calculate the remainder when c is divided by 26.
22
Let x(k) = -k**2 + 4*k + 12. Let b be x(6). Suppose 0 = 2*c + 3*t - 27, c + 0*c - 3*t + 9 = b. Calculate the remainder when 23 is divided by c.
5
Let s(j) be the third derivative of j**6/120 + 7*j**3/3 + 2*j**2. Let v be s(0). What is the remainder when (-4 - v)*1/(-2) is divided by 6?
3
Suppose 30*t - 4455 = -15*t. Calculate the remainder when t is divided by 35.
29
Let m be 7 + (15 + -3)/(-4). Calculate the remainder when 11 is divided by (m - 44/12)*21.
4
Let g(o) be the third derivative of -o**4/24 + 11*o**3/6 + o**2. Calculate the remainder when ((-88)/(-77))/((4/(-14))/(-1)) is divided by g(8).
1
Suppose 0*x - 5*x = -285. Suppose -3*f + 17 = -2*u - 43, 0 = 5*f + 4*u - 100. What is the remainder when x is divided by f?
17
Let d = -7 + 14. Suppose 0 = -9*j + d*j + 20. Suppose -m + j = m. Calculate the remainder when 9 is divided by m.
4
Suppose 1144 = 7*u + 5302. Let c be (-5)/(15/u) - -2. Suppose -3*k = k - c. Calculate the remainder when k is divided by 17.
16
Let k = -16 - -18. Suppose 0 = 5*d - k*d - 63. Suppose 0 = b + 6 - 45. Calculate the remainder when b is divided by d.
18
Let b = -43 - -32. Let y(c) = c**2 + 9*c - 5. Calculate the remainder when 50 is divided by y(b).
16
Let c(o) = -o**3 + 17*o**2 + 2. Let n be c(17). Let b be (81/n)/(9/18). Let z = b + -46. Calculate the remainder when z is divided by 9.
8
Let q = 1234 + -1175. Let a = 17 + -2. What is the remainder when q is divided by a?
14
Suppose -125*a = 3*z - 121*a - 289, -5*z + 4*a = -471. What is the remainder when z is divided by 46?
3
What is the remainder when 238 is divided by (-326)/(-16) - 9/24?
18
Let l = -6 + 32. What is the remainder when l is divided by (-2)/3 + 2100/126?
10
Suppose -3*n + 20 = 2*n. Suppose n*w - 5*u + 0*u - 44 = 0, -3*u = -12. What is the remainder when w is divided by (-1 - -2)/(1/9)?
7
Suppose 2*v - 6*s + s - 125 = 0, -5*v = 2*s - 269. What is the remainder when v is divided by 12?
7
Suppose 3*d - 42 = 3*b, 4*d - 9*d = b - 88. Calculate the remainder when d is divided by 9.
8
Let f = 100 - 91. Suppose -420 = -4*a - 4*x, -f*x = 3*a - 4*x - 315. Calculate the remainder when a is divided by 22.
17
Suppose 0*a + 2 = a. Let l = 2511 - 2493. What is the remainder when l is divided by a?
0
Let a(l) = 5*l**2 - 3*l - 1. Let x(s) = s**2. Let g(q) = a(q) - 2*x(q). What is the remainder when 30 is divided by g(-2)?
13
Let l(q) = -q**2 - 4*q + 19. Calculate the remainder when 45 is divided by l(-6).
3
Suppose -169*s + 60 = -163*s. Calculate the remainder when 597 is divided by s.
7
Suppose -5686 = -12*g + 8006. What is the remainder when g is divided by 11?
8
Suppose 3*t = n + 119, 0 = -5*t - 4*n + 21 + 200. What is the remainder when 241 is divided by t?
36
Let o = 3 - 3. Let k(s) = o*s**3 - 131*s**2 + 131*s**2 + 2*s**3. Calculate the remainder when k(3) is divided by 14.
12
Suppose 2*z + 4*k + 58 = 0, 0 = -3*z - k - 50 - 37. Let s = -2 - z. What is the remainder when s is divided by 6?
3
Let o(j) = -31*j + 72*j + 6 - 36*j. Let v(c) = c + 3. What is the remainder when o(3) is divided by v(3)?
3
Suppose 77 + 10 = 3*y. Let w = y - 10. What is the remainder when w is divided by 5?
4
Calculate the remainder when 1 + 3 + (-381)/(-6)*2 is divided by 44.
43
Suppose 5*c - 168 = -19*c. What is the remainder when (0 + -2)/(2/(-25)) is divided by c?
4
Suppose 3*r = 2*m + 7, 3*m + 0*m = -4*r + 32. Suppose 0 = 4*p - 10*p. Suppose -z + p*z = -15. Calculate the remainder when z is divided by m.
3
Let t(b) = 3*b**3 - 15*b**2 + b - 8. What is the remainder when t(7) is divided by 14?
13
Let p(u) = -u**3 + 4*u**2 + 5*u - 15. What is the remainder when 1/(82/(-28) - -3) is divided by p(4)?
4
Let j(h) = 3*h**2 + 7*h - 1. Calculate the remainder when j(-6) is divided by 6 - (-19 - (4 - -1 - 8)).
21
Suppose -n - 4*n = 3*x - 95, -5*x = -3*n + 91. Calculate the remainder when 130 is divided by n.
20
Let k = -29 + 36. Let t(m) = -m**3 + 9*m**2 - 6*m - 11. Let a be t(k). Suppose 4*h - 51 - a = 0. Calculate the remainder when h is divided by 5.
4
Suppose 4*s - o = 238 - 85, -5*s = 5*o - 210. What is the remainder when 77 is divided by s?
38
Let i = -349 - -376. What is the remainder when i is divided by 15?
12
Let s be -73*(18/8 + 2/(-8)). Let x = s + 170. Calculate the remainder when 87 is divided by x.
15
Let y = 25 + -14. Suppose 2*n = a + 61, -2*n = 2*n + 3*a - 137. Calculate the remainder when n is divided by y.
10
Let v(l) = -5*l - 7. Let f be v(-3). Calculate the remainder when 108/8*f/3 is divided by 10.
6
Let r = 506 - 94. Suppose c - 5*p - 103 = -p, 5*p + r = 4*c. What is the remainder when c is divided by 21?
19
Let a = -1 - -6. Suppose -i + 4*y + 10 = 0, -22 = -i + 9*y - 11*y. Calculate the remainder when i is divided by a.
3
Let j be (2/4)/((-10)/120). Let h(c) = c**2 + 2*c - 8. Calculate the remainder when 62 is divided by h(j).
14
Let o = -22 + 49. Suppose 5*p - s - 25 = 0, -8 = -5*p + 2*s + 22. Calculate the remainder when o is divided by p.
3
Suppose -2*u = -7*u + 10. Suppose u*r = 3*r - 3. What is the remainder when 3/(-9) + (-86)/(-6) is divided by r?
2
Suppose 3*u = -31*g + 27*g + 14, 5*g = -2*u. What is the remainder when (-3 - -2)/((-2)/94) is divided by u?
7
Let i be -1 + 0 - (-3*7 + -1). Suppose 0 = 7*b - 6*b - i. What is the remainder when b is divided by 25/2 + 3/(-6)?
9
Let x = 9 + -2. Let s(o) = o**3 - 7*o**2 + 6*o + 6. Let y be s(x). Let t = y - -3. What is the remainder when t is divided by 13?
12
Let a(r) = 2*r**2 + 7*r - 1. Let m = -371 - -380. What is the remainder when a(-5) is divided by m?
5
Let g = -93 - -97. Suppose -7 - 1 = -g*y. What is the remainder when y is divided by 2?
0
Suppose 6*s - 28 = -s. Suppose 55 + 25 = s*h. What is the remainder when h is divided by 12?
8
What is the remainder when (1762 - 72/9) + -10 is divided by 9?
7
Let u(m) = -13*m - 32. Let k be u(-4). What is the remainder when (9/4)/(-3) + 1315/k is divided by 33?
32
Let w be (-482)/(-44)*4 - 20/(-110). Let q = 51 - w. Calculate the remainder when q is divided by 3.
1
Let k be (-2)/(-5) + (276/15)/4. Let s = -8 - -25. Suppose -s = -o - k. What is the remainder when 45 is divided by o?
9
Let s(f) = f**3 + 2*f**2 - 2. Let l be s(-2). Let b(u) = 3*u**2 - 2*u - 1. What is the remainder when ((-7)/2)/((-2050)/120 - -17) is divided by b(l)?
12
Let y = 128 + -71. Suppose -4*d = -d - 2*c - 118, c - 161 = -4*d. Suppose -2*x - d = -3*u, -2*u + 0*u = 4*x - 16. What is the remainder when y is divided by u?
9
Suppose -r = -5*r + 20. Calculate the remainder when (1/(-1) + -11)*-1 is divided by r.
2
Suppose -4061 = 9*h - 34670. Calculate the remainder when h is divided by 15.
11
Suppose -311 - 2444 = -29*h. Calculate the remainder when h is divided by 9.
5
Let u(j) = 2*j**2 + 3*j + 10. Let w be (30/40)/(-2 - 7/(-4)). Calculate the remainder when 73 is divided by u(w).
16
Let z = -15 - -50. Suppose 5*g + 92 = 6*g. Let p = g - z. Calculate the remainder when p is divided by 29.
28
Suppose 17*o = 5*o + 336. Calculate the remainder when 101 is divided by o.
17
Let u = 53 + -51. Suppose u*b = -5*c + 101 - 2, -c + 4*b = -11. What is the remainder when 74 is divided by c?
17
Suppose 5*c = -4*t + 58, -2*t + 5*c = 2 - 16. What is the remainder when 87 is divided by 5/((-150)/t) - (-324)/10?
23
Let g = 79 - 12. Suppose 18*f = 9*f + 